number?
True
Is 537977679 a composite number?
True
Is 1703259391 a composite number?
False
Is 65506013579 composite?
False
Is 8976360587 prime?
False
Is 1786590671 a composite number?
False
Is 9533532377 a composite number?
False
Is 3175030627 prime?
False
Is 120022027 composite?
True
Is 577887469 a composite number?
True
Is 89453629 composite?
True
Is 112068945499 prime?
False
Is 3765714941 prime?
True
Is 2557753721 prime?
False
Is 173369044801 composite?
False
Is 20330484971 prime?
True
Is 59631744947 prime?
True
Is 69082121222 prime?
False
Is 7390590583 composite?
True
Is 456157999 prime?
False
Is 105603868321 a composite number?
True
Is 3441534329 a composite number?
True
Is 2826521333 a composite number?
True
Is 17397826279 prime?
True
Is 3759920017 a prime number?
False
Is 92421583 a prime number?
False
Is 15937704983 prime?
True
Is 1017669871 a composite number?
False
Is 29609653207 a composite number?
True
Is 4117898117 a composite number?
True
Is 95554293941 a composite number?
False
Is 879853951 a composite number?
True
Is 168059869 a composite number?
True
Is 9055782941 a composite number?
False
Is 9197685311 prime?
True
Is 31847983 a composite number?
True
Is 148465774 composite?
True
Is 1273646887 prime?
False
Is 622837087 composite?
True
Is 120859741 prime?
False
Is 542341829 a prime number?
True
Is 873787961 prime?
True
Is 2498478677 composite?
False
Is 39802654 a prime number?
False
Is 125614819319 a composite number?
True
Is 16269187537 composite?
True
Is 2965838453 composite?
False
Is 20069430361 a composite number?
False
Is 2181190681 composite?
True
Is 656495395 a prime number?
False
Is 899810099 composite?
False
Is 3462645869 a composite number?
False
Is 4747851683 prime?
True
Is 2278197997 composite?
False
Is 789601103 a composite number?
False
Is 30730462123 a composite number?
True
Is 13918521113 composite?
True
Is 45069773 a prime number?
False
Is 240808453 composite?
False
Is 5548726303 a prime number?
True
Is 1068230347 composite?
False
Is 5446104709 prime?
False
Is 1122239089 a composite number?
False
Is 721385297 a prime number?
True
Is 1459369831 a prime number?
True
Is 43487173189 a composite number?
True
Is 6921743659 composite?
False
Is 111844864591 a composite number?
True
Is 10933953301 a prime number?
False
Is 12019281466 composite?
True
Is 6718815527 a composite number?
True
Is 59995828331 a composite number?
True
Is 58365764855 a prime number?
False
Is 3990882967 composite?
True
Is 5333631229 composite?
False
Is 1268349721 a prime number?
True
Is 16053017641 composite?
True
Is 89219001153 prime?
False
Is 10754562833 prime?
False
Is 42694357879 a prime number?
True
Is 55243399187 prime?
True
Is 389442731 prime?
True
Is 66546691847 a prime number?
True
Is 62748409817 prime?
True
Is 608828645 prime?
False
Is 79505028227 a composite number?
True
Is 384085907 composite?
False
Is 1206362189 a prime number?
True
Is 520059973 prime?
True
Is 11902150649 a composite number?
False
Is 74471055761 prime?
True
Is 5355873661 prime?
True
Is 59805007 composite?
False
Is 598446067 prime?
True
Is 2741872733 prime?
False
Is 5692945061 prime?
True
Is 1516884947 a composite number?
False
Is 46712831038 a prime number?
False
Is 479954689 a composite number?
True
Is 15743399407 a prime number?
True
Is 13820674391 prime?
False
Is 16497065969 prime?
True
Is 153007651 a composite number?
False
Is 4533923029 a prime number?
True
Is 1996626677 composite?
False
Is 8738313371 composite?
False
Is 221697403 composite?
True
Is 2347321897 composite?
False
Is 2696564747 a composite number?
False
Is 858863359 a composite number?
False
Is 568548173 prime?
True
Is 8062732667 composite?
True
Is 5662309573 a composite number?
False
Is 3139385251 composite?
False
Is 17103207133 composite?
False
Is 16486097863 a prime number?
False
Is 85588242461 prime?
True
Is 346464785 prime?
False
Is 155538401 a composite number?
False
Is 20899351861 a composite number?
False
Is 57363013 a prime number?
False
Is 212043300247 a composite number?
False
Is 36873495209 a prime number?
True
Is 713623423 a composite number?
True
Is 1045290473 a prime number?
True
Is 2763654497 a prime number?
False
Is 16630083733 a prime number?
True
Is 445767563 a composite number?
True
Is 227442588169 a prime number?
True
Is 5836114801 a prime number?
False
Is 791225273 composite?
True
Is 515803073 prime?
True
Is 24756944889 prime?
False
Is 2525100769 a composite number?
True
Is 1000534417 prime?
False
Is 3200315339 composite?
True
Is 1617726973 composite?
False
Is 69867111 prime?
False
Is 198191995813 prime?
False
Is 2687539427 composite?
False
Is 1979575567 composite?
False
Is 714576658 a prime number?
False
Is 110521185751 composite?
False
Is 2192505137 a composite number?
True
Is 37199563741 a prime number?
False
Is 127906303667 a composite number?
False
Is 14226915127 prime?
False
Is 64937667211 composite?
False
Is 3196712767 a composite number?
False
Is 13331960387 prime?
False
Is 3673330693 prime?
True
Is 509451757 a composite number?
False
Is 60287681 a composite number?
False
Is 371290859 composite?
True
Is 22881970789 prime?
True
Is 67154192513 a composite number?
True
Is 7113863654 a prime number?
False
Is 13969628711 a prime number?
False
Is 318813197 a prime number?
True
Is 12897942509 composite?
False
Is 64145720663 a composite number?
False
Is 14519074209 prime?
False
Is 70584763 a prime number?
True
Is 14081530433 a composite number?
False
Is 1982222589 a prime number?
False
Is 7318213607 a prime number?
True
Is 19794701 a prime number?
True
Is 114967921 a prime number?
True
Is 2937660893 a composite number?
False
Is 8107854841 a prime number?
True
Is 211118926553 a prime number?
False
Is 63727908217 prime?
True
Is 21995091421 a composite number?
True
Is 91320011 prime?
True
Is 1471123285 a prime number?
False
Is 17031786103 a prime number?
True
Is 314144302 composite?
True
Is 90161597413 prime?
True
Is 17162937221 composite?
False
Is 6657457127 a composite number?
True
Is 19170144979 composite?
True
Is 947895419 a composite number?
False
Is 1275457979 a prime number?
False
Is 5308145027 composite?
True
Is 51597790427 prime?
False
Is 867454181 a prime number?
False
Is 7809650263 a composite number?
False
Is 128869030427 composite?
False
Is 1610782819 a composite number?
True
Is 28176924911 composite?
True
Is 12942695957 a composite number?
False
Is 69012828901 a composite number?
False
Is 16195222847 composite?
True
Is 129112609 a prime number?
True
Is 255886603 prime?
False
Is 17570006539 prime?
False
Is 1542381017 a prime number?
True
Is 4195648537 composite?
False
Is 1015633477 a prime number?
False
Is 550735831 a prime number?
False
Is 264588961271 a prime number?
False
Is 1942788865 a composite number?
True
Is 960481903 prime?
True
Is 522725563 prime?
True
Is 1325820871 a composite number?
True
Is 4760611109 a prime number?
True
Is 690956711 a composite number?
True
Is 100884762149 a composite number?
False
Is 15721720051 prime?
True
Is 3747547211 composite?
False
Is 31352550127 a prime number?
True
Is 10322611093 a composite number?
True
Is 7548577873 composite?
False
Is 1791261611 prime?
False
Is 230795249 composite?
False
Is 613448993 a composite number?
True
Is 25807582949 a composite number?
False
Is 590376313 a prime number?
True
Is 2209672781 a composite number?
True
Is 78329821 composite?
True
Is 3363940043 a prime number?
True
Is 2660255053 prime?
True
Is 4340412929 prime?
False
Is 325828117 a prime number?
True
Is 239849237 composite?
False
Is 118579934999 a prime number?
False
Is 4420849583 prime?
True
Is 1112783579 prime?
False
Is 9888035467 a prime number?
True
Is 1637288489 a composite number?
False
Is 112970141 prime?
True
Is 3290561 a prime number?
True
Is 1717047799 a prime number?
True
Is 92651290103 a prime number?
False
Is 2760118953 a prime number?
False
Is 7040479661 a composite number?
False
Is 1255330403 a composite number?
False
Is 2304078979 a composite number?
True
Is 3720374311 a prime number?
True
Is 227197189 a prime number?
True
Is 8355669379 a composite number?
True
Is 90723259931 prime?
False
Is 9202116761 prime?
False
Is 2341401899 a composite number?
True
Is 1610466307 prime?
False
Is 1634519321 composite?
False
Is 7769901